{"id":10,"date":"2025-09-17T10:24:16","date_gmt":"2025-09-17T08:24:16","guid":{"rendered":"https:\/\/formularz.seo4m.pl\/?page_id=10"},"modified":"2025-09-26T10:05:14","modified_gmt":"2025-09-26T08:05:14","slug":"formularz","status":"publish","type":"page","link":"https:\/\/formularz.seo4m.pl\/","title":{"rendered":"Formularz"},"content":{"rendered":"\t\t<div data-elementor-type=\"wp-page\" data-elementor-id=\"10\" class=\"elementor elementor-10\">\n\t\t\t\t<div class=\"elementor-element elementor-element-df1ac83 e-con-full e-flex e-con e-parent\" data-id=\"df1ac83\" data-element_type=\"container\" data-settings=\"{&quot;background_background&quot;:&quot;classic&quot;}\">\n\t\t<div class=\"elementor-element elementor-element-f781265 e-con-full e-flex e-con e-child\" data-id=\"f781265\" data-element_type=\"container\" data-settings=\"{&quot;background_background&quot;:&quot;classic&quot;}\">\n\t\t\t\t<div class=\"elementor-element elementor-element-92aadd1 elementor-widget elementor-widget-image\" data-id=\"92aadd1\" data-element_type=\"widget\" data-widget_type=\"image.default\">\n\t\t\t\t\t\t\t\t\t\t\t\t\t\t\t<img fetchpriority=\"high\" decoding=\"async\" width=\"1024\" height=\"275\" src=\"https:\/\/formularz.seo4m.pl\/wp-content\/uploads\/2025\/09\/cropped-Zrzut-ekranu-2025-06-30-1230403-1024x275.png\" class=\"attachment-large size-large wp-image-28\" alt=\"\" srcset=\"https:\/\/formularz.seo4m.pl\/wp-content\/uploads\/2025\/09\/cropped-Zrzut-ekranu-2025-06-30-1230403-1024x275.png 1024w, https:\/\/formularz.seo4m.pl\/wp-content\/uploads\/2025\/09\/cropped-Zrzut-ekranu-2025-06-30-1230403-300x81.png 300w, https:\/\/formularz.seo4m.pl\/wp-content\/uploads\/2025\/09\/cropped-Zrzut-ekranu-2025-06-30-1230403-768x206.png 768w, https:\/\/formularz.seo4m.pl\/wp-content\/uploads\/2025\/09\/cropped-Zrzut-ekranu-2025-06-30-1230403.png 1127w\" sizes=\"(max-width: 1024px) 100vw, 1024px\" \/>\t\t\t\t\t\t\t\t\t\t\t\t\t\t\t<\/div>\n\t\t\t\t<div class=\"elementor-element elementor-element-32a3c1e elementor-widget elementor-widget-htcontactform-addons\" data-id=\"32a3c1e\" data-element_type=\"widget\" data-widget_type=\"htcontactform-addons.default\">\n\t\t\t\t<div class=\"elementor-widget-container\">\n\t\t\t\t\t            <div class=\"htcontact-form-wrapper\" >\n                \n<div class=\"wpcf7 no-js\" id=\"wpcf7-f6-o1\" lang=\"pl-PL\" dir=\"ltr\" data-wpcf7-id=\"6\">\n<div class=\"screen-reader-response\"><p role=\"status\" aria-live=\"polite\" aria-atomic=\"true\"><\/p> <ul><\/ul><\/div>\n<form action=\"\/index.php\/wp-json\/wp\/v2\/pages\/10#wpcf7-f6-o1\" method=\"post\" class=\"wpcf7-form init\" aria-label=\"Formularz kontaktowy\" enctype=\"multipart\/form-data\" novalidate=\"novalidate\" data-status=\"init\">\n<fieldset class=\"hidden-fields-container\"><input type=\"hidden\" name=\"_wpcf7\" value=\"6\" \/><input type=\"hidden\" name=\"_wpcf7_version\" value=\"6.1.1\" \/><input type=\"hidden\" name=\"_wpcf7_locale\" value=\"pl_PL\" \/><input type=\"hidden\" name=\"_wpcf7_unit_tag\" value=\"wpcf7-f6-o1\" \/><input type=\"hidden\" name=\"_wpcf7_container_post\" value=\"0\" \/><input type=\"hidden\" name=\"_wpcf7_posted_data_hash\" value=\"\" \/><input type=\"hidden\" name=\"_extcf7_conditional_options\" value=\"{&quot;form_id&quot;:6,&quot;conditions&quot;:[]}\" \/><input type=\"hidden\" name=\"_extcf7_redirect_options\" value=\"{&quot;form_id&quot;:6,&quot;redirect_options&quot;:{&quot;redirection_enable&quot;:&quot;off&quot;,&quot;custom_url_enable&quot;:&quot;off&quot;,&quot;redirect_page&quot;:&quot;&quot;,&quot;custom_urle&quot;:&quot;&quot;,&quot;redirect_new_tab&quot;:&quot;off&quot;,&quot;js_action&quot;:&quot;off&quot;,&quot;javascript_code&quot;:&quot;&quot;}}\" \/><input type=\"hidden\" name=\"_wpcf7_recaptcha_response\" value=\"\" \/>\n<\/fieldset>\n<h3 class=\"cf7-section\">Dane kontaktowe\n<\/h3>\n<p><label> Imi\u0119 i nazwisko*<br \/>\n<span class=\"wpcf7-form-control-wrap\" data-name=\"your-name\"><input size=\"40\" maxlength=\"400\" class=\"wpcf7-form-control wpcf7-text wpcf7-validates-as-required\" aria-required=\"true\" aria-invalid=\"false\" placeholder=\"Jan Kowalski\" value=\"\" type=\"text\" name=\"your-name\" \/><\/span> <\/label><br \/>\n<label> E-mail*<br \/>\n<span class=\"wpcf7-form-control-wrap\" data-name=\"your-email\"><input size=\"40\" maxlength=\"400\" class=\"wpcf7-form-control wpcf7-email wpcf7-validates-as-required wpcf7-text wpcf7-validates-as-email\" aria-required=\"true\" aria-invalid=\"false\" placeholder=\"jan@firma.pl\" value=\"\" type=\"email\" name=\"your-email\" \/><\/span> <\/label><br \/>\n<label> Telefon<br \/>\n<span class=\"wpcf7-form-control-wrap\" data-name=\"your-phone\"><input size=\"40\" maxlength=\"400\" class=\"wpcf7-form-control wpcf7-tel wpcf7-text wpcf7-validates-as-tel\" aria-invalid=\"false\" placeholder=\"+48 600 000 000\" value=\"\" type=\"tel\" name=\"your-phone\" \/><\/span> <\/label><br \/>\n<label> Firma<br \/>\n<span class=\"wpcf7-form-control-wrap\" data-name=\"company\"><input size=\"40\" maxlength=\"400\" class=\"wpcf7-form-control wpcf7-text\" aria-invalid=\"false\" placeholder=\"Nazwa firmy\" value=\"\" type=\"text\" name=\"company\" \/><\/span> <\/label><br \/>\n<label> Stanowisko<br \/>\n<span class=\"wpcf7-form-control-wrap\" data-name=\"role\"><input size=\"40\" maxlength=\"400\" class=\"wpcf7-form-control wpcf7-text\" aria-invalid=\"false\" placeholder=\"W\u0142a\u015bciciel \/ Marketing Manager\" value=\"\" type=\"text\" name=\"role\" \/><\/span> <\/label>\n<\/p>\n<h3 class=\"cf7-section\">Informacje o stronie i technikalia\n<\/h3>\n<p><label> Adres strony (URL)*<br \/>\n<span class=\"wpcf7-form-control-wrap\" data-name=\"site-url\"><input size=\"40\" maxlength=\"400\" class=\"wpcf7-form-control wpcf7-url wpcf7-validates-as-required wpcf7-text wpcf7-validates-as-url\" aria-required=\"true\" aria-invalid=\"false\" placeholder=\"https:\/\/www.twojastrona.pl\" value=\"\" type=\"url\" name=\"site-url\" \/><\/span> <\/label><br \/>\n<label> CMS \/ technologia*<br \/>\n<span class=\"wpcf7-form-control-wrap\" data-name=\"cms\"><select class=\"wpcf7-form-control wpcf7-select wpcf7-validates-as-required\" aria-required=\"true\" aria-invalid=\"false\" name=\"cms\"><option value=\"\">&#8212;Prosz\u0119 wybra\u0107 opcj\u0119&#8212;<\/option><option value=\"WordPress\">WordPress<\/option><option value=\"Shopify\">Shopify<\/option><option value=\"PrestaShop\">PrestaShop<\/option><option value=\"Joomla\">Joomla<\/option><option value=\"Shoper\">Shoper<\/option><option value=\"Custom \/ inny\">Custom \/ inny<\/option><\/select><\/span> <\/label><br \/>\n<label> Je\u015bli \u201einny\u201d, doprecyzuj<br \/>\n<span class=\"wpcf7-form-control-wrap\" data-name=\"cms-other\"><input size=\"40\" maxlength=\"400\" class=\"wpcf7-form-control wpcf7-text\" aria-invalid=\"false\" placeholder=\"np. Laravel, Next.js\" value=\"\" type=\"text\" name=\"cms-other\" \/><\/span> <\/label><br \/>\n<label> Dost\u0119p do danych o stronie (statystyki i widoczno\u015b\u0107 w Google)<br \/>\n<span class=\"wpcf7-form-control-wrap\" data-name=\"access-consent\"><span class=\"wpcf7-form-control wpcf7-checkbox\"><span class=\"wpcf7-list-item first\"><label><input type=\"checkbox\" name=\"access-consent[]\" value=\"Posiadam Google Analytics (narz\u0119dzie monitoruj\u0105ce ruch na stronie)\" \/><span class=\"wpcf7-list-item-label\">Posiadam Google Analytics (narz\u0119dzie monitoruj\u0105ce ruch na stronie)<\/span><\/label><\/span><span class=\"wpcf7-list-item\"><label><input type=\"checkbox\" name=\"access-consent[]\" value=\"Mam Google Search Console (narz\u0119dzie poakzuj\u0105ce widoczno\u015b\u0107 w Google)\" \/><span class=\"wpcf7-list-item-label\">Mam Google Search Console (narz\u0119dzie poakzuj\u0105ce widoczno\u015b\u0107 w Google)<\/span><\/label><\/span><span class=\"wpcf7-list-item last\"><label><input type=\"checkbox\" name=\"access-consent[]\" value=\"Udost\u0119pni\u0119 dost\u0119p, je\u015bli b\u0119dzie to potrzebne\" \/><span class=\"wpcf7-list-item-label\">Udost\u0119pni\u0119 dost\u0119p, je\u015bli b\u0119dzie to potrzebne<\/span><\/label><\/span><\/span><\/span><br \/>\n<\/label><br \/>\n<label> E-mail do zaproszenia (opc.)<br \/>\n<span class=\"wpcf7-form-control-wrap\" data-name=\"analytics-access-email\"><input size=\"40\" maxlength=\"400\" class=\"wpcf7-form-control wpcf7-text\" aria-invalid=\"false\" placeholder=\"adres@firma.pl\" value=\"\" type=\"text\" name=\"analytics-access-email\" \/><\/span> <\/label>\n<\/p>\n<h3 class=\"cf7-section\">Rynki, kraje i j\u0119zyki\n<\/h3>\n<p><label> Docelowe kraje<br \/>\n<span class=\"wpcf7-form-control-wrap\" data-name=\"target-countries-other\"><input size=\"40\" maxlength=\"400\" class=\"wpcf7-form-control wpcf7-text\" aria-invalid=\"false\" placeholder=\"np. Polska, Niemcy\" value=\"\" type=\"text\" name=\"target-countries-other\" \/><\/span> <\/label><br \/>\n<label> J\u0119zyki serwisu \/ kampanii*<br \/>\n<span class=\"wpcf7-form-control-wrap\" data-name=\"target-languages\"><input size=\"40\" maxlength=\"400\" class=\"wpcf7-form-control wpcf7-text wpcf7-validates-as-required\" aria-required=\"true\" aria-invalid=\"false\" placeholder=\"np. PL, EN, DE\" value=\"\" type=\"text\" name=\"target-languages\" \/><\/span> <\/label>\n<\/p>\n<h3 class=\"cf7-section\">S\u0142owa kluczowe, frazy i konkurencja\n<\/h3>\n<p><label> Liczba fraz na start<br \/>\n<span class=\"wpcf7-form-control-wrap\" data-name=\"keywords-count\"><input class=\"wpcf7-form-control wpcf7-number wpcf7-validates-as-number\" min=\"1\" max=\"500\" aria-invalid=\"false\" placeholder=\"np. 20\" value=\"\" type=\"number\" name=\"keywords-count\" \/><\/span> <\/label><br \/>\n<label> Lista priorytetowych fraz<br \/>\n<span class=\"wpcf7-form-control-wrap\" data-name=\"keywords-list\"><textarea cols=\"40\" rows=\"10\" maxlength=\"2000\" class=\"wpcf7-form-control wpcf7-textarea\" aria-invalid=\"false\" placeholder=\"fraza 1\u21b5fraza 2\u21b5fraza 3\" name=\"keywords-list\"><\/textarea><\/span> <\/label><br \/>\n<label> G\u0142\u00f3wni konkurenci (URL)<br \/>\n<span class=\"wpcf7-form-control-wrap\" data-name=\"competitors\"><textarea cols=\"40\" rows=\"10\" maxlength=\"2000\" class=\"wpcf7-form-control wpcf7-textarea\" aria-invalid=\"false\" placeholder=\"https:\/\/konkurent1.pl\u21b5https:\/\/konkurent2.pl\" name=\"competitors\"><\/textarea><\/span> <\/label>\n<\/p>\n<h3 class=\"cf7-section\">Oferta \/ asortyment\n<\/h3>\n<p><label> Co sprzedajesz \/ jaka us\u0142uga?*<br \/>\n<span class=\"wpcf7-form-control-wrap\" data-name=\"offering\"><textarea cols=\"40\" rows=\"10\" maxlength=\"2000\" class=\"wpcf7-form-control wpcf7-textarea wpcf7-validates-as-required\" aria-required=\"true\" aria-invalid=\"false\" placeholder=\"Opis oferty, kategorie, mar\u017ce istotne dla SEO\" name=\"offering\"><\/textarea><\/span> <\/label><br \/>\n<label> Najwa\u017cniejsze kategorie \/ produkty<br \/>\n<span class=\"wpcf7-form-control-wrap\" data-name=\"top-categories\"><textarea cols=\"40\" rows=\"10\" maxlength=\"2000\" class=\"wpcf7-form-control wpcf7-textarea\" aria-invalid=\"false\" placeholder=\"Lista kluczowych kategorii \/ produkt\u00f3w\" name=\"top-categories\"><\/textarea><\/span> <\/label>\n<\/p>\n<h3 class=\"cf7-section\">Cel kampanii i priorytet\n<\/h3>\n<p><label> G\u0142\u00f3wny cel*<br \/>\n<span class=\"wpcf7-form-control-wrap\" data-name=\"main-goal\"><span class=\"wpcf7-form-control wpcf7-checkbox wpcf7-validates-as-required\"><span class=\"wpcf7-list-item first\"><label><input type=\"checkbox\" name=\"main-goal[]\" value=\"Rozpoznawalno\u015b\u0107 marki\" \/><span class=\"wpcf7-list-item-label\">Rozpoznawalno\u015b\u0107 marki<\/span><\/label><\/span><span class=\"wpcf7-list-item\"><label><input type=\"checkbox\" name=\"main-goal[]\" value=\"Ruch organiczny\" \/><span class=\"wpcf7-list-item-label\">Ruch organiczny<\/span><\/label><\/span><span class=\"wpcf7-list-item\"><label><input type=\"checkbox\" name=\"main-goal[]\" value=\"Leady \/ zapytania\" \/><span class=\"wpcf7-list-item-label\">Leady \/ zapytania<\/span><\/label><\/span><span class=\"wpcf7-list-item\"><label><input type=\"checkbox\" name=\"main-goal[]\" value=\"Sprzeda\u017c e-commerce\" \/><span class=\"wpcf7-list-item-label\">Sprzeda\u017c e-commerce<\/span><\/label><\/span><span class=\"wpcf7-list-item\"><label><input type=\"checkbox\" name=\"main-goal[]\" value=\"Widoczno\u015b\u0107 brandowa\" \/><span class=\"wpcf7-list-item-label\">Widoczno\u015b\u0107 brandowa<\/span><\/label><\/span><span class=\"wpcf7-list-item last\"><label><input type=\"checkbox\" name=\"main-goal[]\" value=\"Inne (wpisz ni\u017cej)\" \/><span class=\"wpcf7-list-item-label\">Inne (wpisz ni\u017cej)<\/span><\/label><\/span><\/span><\/span> <\/label><br \/>\n<label> Doprecyzuj cel<br \/>\n<span class=\"wpcf7-form-control-wrap\" data-name=\"goal-notes\"><textarea cols=\"40\" rows=\"10\" maxlength=\"2000\" class=\"wpcf7-form-control wpcf7-textarea\" aria-invalid=\"false\" placeholder=\"np. +40% ruchu w 6 mies., konwersje itp.\" name=\"goal-notes\"><\/textarea><\/span> <\/label>\n<\/p>\n<hr \/>\n<h3 class=\"cf7-section\">Stan obecny SEO\n<\/h3>\n<p><label> Dotychczasowe dzia\u0142ania<br \/>\n<span class=\"wpcf7-form-control-wrap\" data-name=\"seo-history\"><span class=\"wpcf7-form-control wpcf7-checkbox\"><span class=\"wpcf7-list-item first\"><label><input type=\"checkbox\" name=\"seo-history[]\" value=\"Audyt techniczny\" \/><span class=\"wpcf7-list-item-label\">Audyt techniczny<\/span><\/label><\/span><span class=\"wpcf7-list-item\"><label><input type=\"checkbox\" name=\"seo-history[]\" value=\"Link building\" \/><span class=\"wpcf7-list-item-label\">Link building<\/span><\/label><\/span><span class=\"wpcf7-list-item\"><label><input type=\"checkbox\" name=\"seo-history[]\" value=\"Content marketing\" \/><span class=\"wpcf7-list-item-label\">Content marketing<\/span><\/label><\/span><span class=\"wpcf7-list-item\"><label><input type=\"checkbox\" name=\"seo-history[]\" value=\"Migracja serwisu\" \/><span class=\"wpcf7-list-item-label\">Migracja serwisu<\/span><\/label><\/span><span class=\"wpcf7-list-item last\"><label><input type=\"checkbox\" name=\"seo-history[]\" value=\"Nic nie by\u0142o prowadzone\" \/><span class=\"wpcf7-list-item-label\">Nic nie by\u0142o prowadzone<\/span><\/label><\/span><\/span><\/span> <\/label><br \/>\n<label> Problemy do rozwi\u0105zania<br \/>\n<span class=\"wpcf7-form-control-wrap\" data-name=\"pain-points\"><textarea cols=\"40\" rows=\"10\" maxlength=\"2000\" class=\"wpcf7-form-control wpcf7-textarea\" aria-invalid=\"false\" placeholder=\"spadki po migracji, kanibalizacja, szybko\u015b\u0107, duplikacja\" name=\"pain-points\"><\/textarea><\/span> <\/label><br \/>\n<label> Bud\u017cet miesi\u0119czny<br \/>\n<span class=\"wpcf7-form-control-wrap\" data-name=\"budget\"><select class=\"wpcf7-form-control wpcf7-select\" aria-invalid=\"false\" name=\"budget\"><option value=\"\">&#8212;Prosz\u0119 wybra\u0107 opcj\u0119&#8212;<\/option><option value=\"do 2 000 z\u0142\">do 2 000 z\u0142<\/option><option value=\"2 000\u20135 000 z\u0142\">2 000\u20135 000 z\u0142<\/option><option value=\"5 000\u201310 000 z\u0142\">5 000\u201310 000 z\u0142<\/option><option value=\"10 000\u201320 000 z\u0142\">10 000\u201320 000 z\u0142<\/option><option value=\"powy\u017cej 20 000 z\u0142\">powy\u017cej 20 000 z\u0142<\/option><\/select><\/span> <\/label>\n<\/p>\n<h3 class=\"cf7-section\">Formalno\u015bci i dodatki\n<\/h3>\n<p><label> Bud\u017cet miesi\u0119czny na SEO<br \/>\n<span class=\"wpcf7-form-control-wrap\" data-name=\"budget\"><select class=\"wpcf7-form-control wpcf7-select\" aria-invalid=\"false\" name=\"budget\"><option value=\"\">&#8212;Prosz\u0119 wybra\u0107 opcj\u0119&#8212;<\/option><option value=\"do 2 999 z\u0142\">do 2 999 z\u0142<\/option><option value=\"2 999 - 6 999 z\u0142\">2 999 - 6 999 z\u0142<\/option><option value=\"stawka indywidualna\">stawka indywidualna<\/option><\/select><\/span> <\/label><br \/>\n<label> Dane do faktury (opc.)<br \/>\n<span class=\"wpcf7-form-control-wrap\" data-name=\"invoice-data\"><textarea cols=\"40\" rows=\"10\" maxlength=\"2000\" class=\"wpcf7-form-control wpcf7-textarea\" aria-invalid=\"false\" placeholder=\"Nazwa, NIP, adres\" name=\"invoice-data\"><\/textarea><\/span> <\/label><br \/>\n<label> Za\u0142\u0105czniki (CSV\/XLS\/XLSX\/PDF\/TXT)<br \/>\n<span class=\"wpcf7-form-control-wrap\" data-name=\"file-780\"><input size=\"40\" class=\"wpcf7-form-control wpcf7-file\" accept=\"audio\/*,video\/*,image\/*,application\/pdf,text\/plain,text\/csv,application\/vnd.ms-excel,application\/vnd.openxmlformats-officedocument.spreadsheetml.sheet\" aria-invalid=\"false\" type=\"file\" name=\"file-780\" \/><\/span> <\/label><br \/>\n<label> Uwagi dodatkowe<br \/>\n<span class=\"wpcf7-form-control-wrap\" data-name=\"notes\"><textarea cols=\"40\" rows=\"10\" maxlength=\"2000\" class=\"wpcf7-form-control wpcf7-textarea\" aria-invalid=\"false\" placeholder=\"Wszystko, co powinni\u015bmy wiedzie\u0107\" name=\"notes\"><\/textarea><\/span> <\/label>\n<\/p>\n<p><input class=\"wpcf7-form-control wpcf7-submit has-spinner\" type=\"submit\" value=\"Wy\u015blij\" \/>\n<\/p><div class=\"wpcf7-response-output\" aria-hidden=\"true\"><\/div>\n<\/form>\n<\/div>\n            <\/div>\n\n        \t\t\t\t<\/div>\n\t\t\t\t<\/div>\n\t\t\t\t<\/div>\n\t\t\t\t<\/div>\n\t\t\t\t<\/div>\n\t\t","protected":false},"excerpt":{"rendered":"<p>Dane kontaktowe Imi\u0119 i nazwisko* E-mail* Telefon Firma Stanowisko Informacje o stronie i technikalia Adres strony (URL)* CMS \/ technologia* &#8212;Prosz\u0119 wybra\u0107 opcj\u0119&#8212;WordPressShopifyPrestaShopJoomlaShoperCustom \/ inny Je\u015bli \u201einny\u201d, doprecyzuj Dost\u0119p do GA\/GSC Mam GA4Mam GSCUdost\u0119pni\u0119 dost\u0119p E-mail do zaproszenia (opc.) Rynki, kraje i j\u0119zyki Docelowe kraje J\u0119zyki serwisu \/ kampanii* S\u0142owa kluczowe, frazy i konkurencja Liczba&#8230;<\/p>\n","protected":false},"author":1,"featured_media":0,"parent":0,"menu_order":0,"comment_status":"closed","ping_status":"closed","template":"","meta":{"_kad_post_transparent":"","_kad_post_title":"hide","_kad_post_layout":"fullwidth","_kad_post_sidebar_id":"","_kad_post_content_style":"unboxed","_kad_post_vertical_padding":"hide","_kad_post_feature":"hide","_kad_post_feature_position":"","_kad_post_header":false,"_kad_post_footer":false,"footnotes":""},"class_list":["post-10","page","type-page","status-publish","hentry"],"_links":{"self":[{"href":"https:\/\/formularz.seo4m.pl\/index.php\/wp-json\/wp\/v2\/pages\/10","targetHints":{"allow":["GET"]}}],"collection":[{"href":"https:\/\/formularz.seo4m.pl\/index.php\/wp-json\/wp\/v2\/pages"}],"about":[{"href":"https:\/\/formularz.seo4m.pl\/index.php\/wp-json\/wp\/v2\/types\/page"}],"author":[{"embeddable":true,"href":"https:\/\/formularz.seo4m.pl\/index.php\/wp-json\/wp\/v2\/users\/1"}],"replies":[{"embeddable":true,"href":"https:\/\/formularz.seo4m.pl\/index.php\/wp-json\/wp\/v2\/comments?post=10"}],"version-history":[{"count":22,"href":"https:\/\/formularz.seo4m.pl\/index.php\/wp-json\/wp\/v2\/pages\/10\/revisions"}],"predecessor-version":[{"id":71,"href":"https:\/\/formularz.seo4m.pl\/index.php\/wp-json\/wp\/v2\/pages\/10\/revisions\/71"}],"wp:attachment":[{"href":"https:\/\/formularz.seo4m.pl\/index.php\/wp-json\/wp\/v2\/media?parent=10"}],"curies":[{"name":"wp","href":"https:\/\/api.w.org\/{rel}","templated":true}]}}